{"id":14,"date":"2023-01-03T14:02:35","date_gmt":"2023-01-03T13:02:35","guid":{"rendered":"https:\/\/toulouse-entretien-piscines.fr\/?page_id=14"},"modified":"2023-01-05T08:19:40","modified_gmt":"2023-01-05T07:19:40","slug":"contact","status":"publish","type":"page","link":"https:\/\/toulouse-entretien-piscines.fr\/index.php\/contact\/","title":{"rendered":"Contact"},"content":{"rendered":"\t\t<div data-elementor-type=\"wp-page\" data-elementor-id=\"14\" class=\"elementor elementor-14\">\n\t\t\t\t\t\t\t\t\t<section class=\"elementor-section elementor-top-section elementor-element elementor-element-0fbc142 elementor-section-stretched elementor-section-boxed elementor-section-height-default elementor-section-height-default\" data-id=\"0fbc142\" data-element_type=\"section\" data-settings=\"{&quot;stretch_section&quot;:&quot;section-stretched&quot;,&quot;background_background&quot;:&quot;gradient&quot;}\">\n\t\t\t\t\t\t<div class=\"elementor-container elementor-column-gap-default\">\n\t\t\t\t\t<div class=\"elementor-column elementor-col-50 elementor-top-column elementor-element elementor-element-cfeb710\" data-id=\"cfeb710\" data-element_type=\"column\">\n\t\t\t<div class=\"elementor-widget-wrap elementor-element-populated\">\n\t\t\t\t\t\t\t\t<div class=\"elementor-element elementor-element-c96d4fe elementor-widget elementor-widget-formidable\" data-id=\"c96d4fe\" data-element_type=\"widget\" data-widget_type=\"formidable.default\">\n\t\t\t\t<div class=\"elementor-widget-container\">\n\t\t\t<div class=\"frm_forms  with_frm_style frm_style_style-formidable\" id=\"frm_form_2_container\" data-token=\"af230391ce54440c8e2cc5e8647089cf\">\n<form enctype=\"multipart\/form-data\" method=\"post\" class=\"frm-show-form \" id=\"form_contacttep\"  data-token=\"af230391ce54440c8e2cc5e8647089cf\">\n<div class=\"frm_form_fields \">\n<fieldset>\n<legend class=\"frm_screen_reader\">Contact TEP<\/legend>\r\n\r\n<div class=\"frm_fields_container\">\n<input type=\"hidden\" name=\"frm_action\" value=\"create\" \/>\n<input type=\"hidden\" name=\"form_id\" value=\"2\" \/>\n<input type=\"hidden\" name=\"frm_hide_fields_2\" id=\"frm_hide_fields_2\" value=\"\" \/>\n<input type=\"hidden\" name=\"form_key\" value=\"contacttep\" \/>\n<input type=\"hidden\" name=\"item_meta[0]\" value=\"\" \/>\n<input type=\"hidden\" id=\"frm_submit_entry_2\" name=\"frm_submit_entry_2\" value=\"af7229777a\" \/><input type=\"hidden\" name=\"_wp_http_referer\" value=\"\/index.php\/wp-json\/wp\/v2\/pages\/14\" \/><div id=\"frm_field_6_container\" class=\"frm_form_field form-field  frm_required_field frm_top_container frm6 frm_first\">\r\n    <label for=\"field_qbm70\" id=\"field_qbm70_label\" class=\"frm_primary_label\">Pr\u00e9nom\r\n        <span class=\"frm_required\" aria-hidden=\"true\">*<\/span>\r\n    <\/label>\r\n    <input type=\"text\" id=\"field_qbm70\" name=\"item_meta[6]\" value=\"\"  data-reqmsg=\"Ce champ ne peut pas \u00eatre vide\" aria-required=\"true\" data-invmsg=\"texte est non valide\" aria-invalid=\"false\"  \/>\r\n    \r\n    \r\n<\/div>\n<div id=\"frm_field_7_container\" class=\"frm_form_field form-field  frm_required_field frm_top_container frm6\">\r\n    <label for=\"field_4ay9z\" id=\"field_4ay9z_label\" class=\"frm_primary_label\">Nom\r\n        <span class=\"frm_required\" aria-hidden=\"true\">*<\/span>\r\n    <\/label>\r\n    <input type=\"text\" id=\"field_4ay9z\" name=\"item_meta[7]\" value=\"\"  data-reqmsg=\"Ce champ ne peut pas \u00eatre vide\" aria-required=\"true\" data-invmsg=\"texte est non valide\" aria-invalid=\"false\"  \/>\r\n    \r\n    \r\n<\/div>\n<div id=\"frm_field_8_container\" class=\"frm_form_field form-field  frm_top_container frm6 frm_first\">\r\n    <label for=\"field_i6jwl\" id=\"field_i6jwl_label\" class=\"frm_primary_label\">Adresse : Num\u00e9ro et Voie\r\n        <span class=\"frm_required\" aria-hidden=\"true\"><\/span>\r\n    <\/label>\r\n    <input type=\"text\" id=\"field_i6jwl\" name=\"item_meta[8]\" value=\"\"  data-invmsg=\"texte est non valide\" aria-invalid=\"false\"  \/>\r\n    \r\n    \r\n<\/div>\n<div id=\"frm_field_9_container\" class=\"frm_form_field form-field  frm_top_container frm6\">\r\n    <label for=\"field_m4q6y\" id=\"field_m4q6y_label\" class=\"frm_primary_label\">Code postal\r\n        <span class=\"frm_required\" aria-hidden=\"true\"><\/span>\r\n    <\/label>\r\n    <input type=\"text\" id=\"field_m4q6y\" name=\"item_meta[9]\" value=\"\"  data-invmsg=\"texte est non valide\" aria-invalid=\"false\"  \/>\r\n    \r\n    \r\n<\/div>\n<div id=\"frm_field_10_container\" class=\"frm_form_field form-field  frm_required_field frm_top_container frm12 frm_first\">\r\n    <label for=\"field_7im7v\" id=\"field_7im7v_label\" class=\"frm_primary_label\">Commune\r\n        <span class=\"frm_required\" aria-hidden=\"true\">*<\/span>\r\n    <\/label>\r\n    <input type=\"text\" id=\"field_7im7v\" name=\"item_meta[10]\" value=\"\"  data-reqmsg=\"Ce champ ne peut pas \u00eatre vide\" aria-required=\"true\" data-invmsg=\"texte est non valide\" aria-invalid=\"false\"  \/>\r\n    \r\n    \r\n<\/div>\n<div id=\"frm_field_14_container\" class=\"frm_form_field form-field  frm_top_container\">\n    <label for=\"field_o6ywb\" id=\"field_o6ywb_label\" class=\"frm_primary_label\">Votre message\n        <span class=\"frm_required\" aria-hidden=\"true\"><\/span>\n    <\/label>\n    <textarea name=\"item_meta[14]\" id=\"field_o6ywb\" rows=\"5\"  data-invmsg=\"Votre message is invalid\" aria-invalid=\"false\"  ><\/textarea>\n    \n    \n<\/div>\n<div id=\"frm_field_11_container\" class=\"frm_form_field form-field  frm_required_field frm_top_container frm6 frm_first\">\r\n    <label for=\"field_xvfow\" id=\"field_xvfow_label\" class=\"frm_primary_label\">T\u00e9l\u00e9phone\r\n        <span class=\"frm_required\" aria-hidden=\"true\">*<\/span>\r\n    <\/label>\r\n    <input type=\"text\" id=\"field_xvfow\" name=\"item_meta[11]\" value=\"\"  data-reqmsg=\"Ce champ ne peut pas \u00eatre vide\" aria-required=\"true\" data-invmsg=\"texte est non valide\" aria-invalid=\"false\"  \/>\r\n    \r\n    \r\n<\/div>\n<div id=\"frm_field_12_container\" class=\"frm_form_field form-field  frm_required_field frm_top_container frm6\">\r\n    <label for=\"field_wzj4u\" id=\"field_wzj4u_label\" class=\"frm_primary_label\">Email\r\n        <span class=\"frm_required\" aria-hidden=\"true\">*<\/span>\r\n    <\/label>\r\n    <input type=\"email\" id=\"field_wzj4u\" name=\"item_meta[12]\" value=\"\"  data-reqmsg=\"Ce champ ne peut pas \u00eatre vide\" aria-required=\"true\" data-invmsg=\"Email est non valide\" aria-invalid=\"false\"  \/>\r\n    \r\n    \r\n<\/div>\n\t<input type=\"hidden\" name=\"item_key\" value=\"\" \/>\n\t\t\t\t<div class=\"frm_verify\" aria-hidden=\"true\">\n\t\t\t\t<label for=\"frm_email_2\">\n\t\t\t\t\tIf you are human, leave this field blank.\t\t\t\t<\/label>\n\t\t\t\t<input type=\"text\" class=\"frm_verify\" id=\"frm_email_2\" name=\"frm_verify\" value=\"\"  \/>\n\t\t\t<\/div>\n\t\t<div class=\"frm_submit\">\r\n\r\n<button class=\"frm_button_submit\" type=\"submit\"  >Envoyer<\/button>\r\n\r\n\r\n<\/div><\/div>\n<\/fieldset>\n<\/div>\n<\/form>\n<\/div>\n\t\t<\/div>\n\t\t\t\t<\/div>\n\t\t\t\t\t<\/div>\n\t\t<\/div>\n\t\t\t\t<div class=\"elementor-column elementor-col-50 elementor-top-column elementor-element elementor-element-c97e535 elementor-hidden-mobile\" data-id=\"c97e535\" data-element_type=\"column\">\n\t\t\t<div class=\"elementor-widget-wrap elementor-element-populated\">\n\t\t\t\t\t\t\t\t<div class=\"elementor-element elementor-element-4c3f838 elementor-widget elementor-widget-heading\" data-id=\"4c3f838\" data-element_type=\"widget\" data-widget_type=\"heading.default\">\n\t\t\t\t<div class=\"elementor-widget-container\">\n\t\t\t<style>\/*! elementor - v3.9.2 - 21-12-2022 *\/\n.elementor-heading-title{padding:0;margin:0;line-height:1}.elementor-widget-heading .elementor-heading-title[class*=elementor-size-]>a{color:inherit;font-size:inherit;line-height:inherit}.elementor-widget-heading .elementor-heading-title.elementor-size-small{font-size:15px}.elementor-widget-heading .elementor-heading-title.elementor-size-medium{font-size:19px}.elementor-widget-heading .elementor-heading-title.elementor-size-large{font-size:29px}.elementor-widget-heading .elementor-heading-title.elementor-size-xl{font-size:39px}.elementor-widget-heading .elementor-heading-title.elementor-size-xxl{font-size:59px}<\/style><h1 class=\"elementor-heading-title elementor-size-default\">Un besoin ? Une demande de devis ?<\/h1>\t\t<\/div>\n\t\t\t\t<\/div>\n\t\t\t\t<div class=\"elementor-element elementor-element-0bddfde elementor-widget-divider--view-line elementor-widget elementor-widget-divider\" data-id=\"0bddfde\" data-element_type=\"widget\" data-widget_type=\"divider.default\">\n\t\t\t\t<div class=\"elementor-widget-container\">\n\t\t\t<style>\/*! elementor - v3.9.2 - 21-12-2022 *\/\n.elementor-widget-divider{--divider-border-style:none;--divider-border-width:1px;--divider-color:#2c2c2c;--divider-icon-size:20px;--divider-element-spacing:10px;--divider-pattern-height:24px;--divider-pattern-size:20px;--divider-pattern-url:none;--divider-pattern-repeat:repeat-x}.elementor-widget-divider .elementor-divider{display:flex}.elementor-widget-divider .elementor-divider__text{font-size:15px;line-height:1;max-width:95%}.elementor-widget-divider .elementor-divider__element{margin:0 var(--divider-element-spacing);flex-shrink:0}.elementor-widget-divider .elementor-icon{font-size:var(--divider-icon-size)}.elementor-widget-divider .elementor-divider-separator{display:flex;margin:0;direction:ltr}.elementor-widget-divider--view-line_icon .elementor-divider-separator,.elementor-widget-divider--view-line_text .elementor-divider-separator{align-items:center}.elementor-widget-divider--view-line_icon .elementor-divider-separator:after,.elementor-widget-divider--view-line_icon .elementor-divider-separator:before,.elementor-widget-divider--view-line_text .elementor-divider-separator:after,.elementor-widget-divider--view-line_text .elementor-divider-separator:before{display:block;content:\"\";border-bottom:0;flex-grow:1;border-top:var(--divider-border-width) var(--divider-border-style) var(--divider-color)}.elementor-widget-divider--element-align-left .elementor-divider .elementor-divider-separator>.elementor-divider__svg:first-of-type{flex-grow:0;flex-shrink:100}.elementor-widget-divider--element-align-left .elementor-divider-separator:before{content:none}.elementor-widget-divider--element-align-left .elementor-divider__element{margin-left:0}.elementor-widget-divider--element-align-right .elementor-divider .elementor-divider-separator>.elementor-divider__svg:last-of-type{flex-grow:0;flex-shrink:100}.elementor-widget-divider--element-align-right .elementor-divider-separator:after{content:none}.elementor-widget-divider--element-align-right .elementor-divider__element{margin-right:0}.elementor-widget-divider:not(.elementor-widget-divider--view-line_text):not(.elementor-widget-divider--view-line_icon) .elementor-divider-separator{border-top:var(--divider-border-width) var(--divider-border-style) var(--divider-color)}.elementor-widget-divider--separator-type-pattern{--divider-border-style:none}.elementor-widget-divider--separator-type-pattern.elementor-widget-divider--view-line .elementor-divider-separator,.elementor-widget-divider--separator-type-pattern:not(.elementor-widget-divider--view-line) .elementor-divider-separator:after,.elementor-widget-divider--separator-type-pattern:not(.elementor-widget-divider--view-line) .elementor-divider-separator:before,.elementor-widget-divider--separator-type-pattern:not([class*=elementor-widget-divider--view]) .elementor-divider-separator{width:100%;min-height:var(--divider-pattern-height);-webkit-mask-size:var(--divider-pattern-size) 100%;mask-size:var(--divider-pattern-size) 100%;-webkit-mask-repeat:var(--divider-pattern-repeat);mask-repeat:var(--divider-pattern-repeat);background-color:var(--divider-color);-webkit-mask-image:var(--divider-pattern-url);mask-image:var(--divider-pattern-url)}.elementor-widget-divider--no-spacing{--divider-pattern-size:auto}.elementor-widget-divider--bg-round{--divider-pattern-repeat:round}.rtl .elementor-widget-divider .elementor-divider__text{direction:rtl}.e-con-inner>.elementor-widget-divider,.e-con>.elementor-widget-divider{width:var(--container-widget-width);--flex-grow:var(--container-widget-flex-grow)}<\/style>\t\t<div class=\"elementor-divider\">\n\t\t\t<span class=\"elementor-divider-separator\">\n\t\t\t\t\t\t<\/span>\n\t\t<\/div>\n\t\t\t\t<\/div>\n\t\t\t\t<\/div>\n\t\t\t\t<div class=\"elementor-element elementor-element-ae06aa0 elementor-widget elementor-widget-heading\" data-id=\"ae06aa0\" data-element_type=\"widget\" data-widget_type=\"heading.default\">\n\t\t\t\t<div class=\"elementor-widget-container\">\n\t\t\t<h2 class=\"elementor-heading-title elementor-size-default\">Merci d'envoyer un message par ce formulaire ou de me contacter directement par t\u00e9l\u00e9phone<\/h2>\t\t<\/div>\n\t\t\t\t<\/div>\n\t\t\t\t<div class=\"elementor-element elementor-element-d386841 elementor-widget elementor-widget-heading\" data-id=\"d386841\" data-element_type=\"widget\" data-widget_type=\"heading.default\">\n\t\t\t\t<div class=\"elementor-widget-container\">\n\t\t\t<h2 class=\"elementor-heading-title elementor-size-default\">06 63 97 24 51<\/h2>\t\t<\/div>\n\t\t\t\t<\/div>\n\t\t\t\t<div class=\"elementor-element elementor-element-de473d9 elementor-widget elementor-widget-heading\" data-id=\"de473d9\" data-element_type=\"widget\" data-widget_type=\"heading.default\">\n\t\t\t\t<div class=\"elementor-widget-container\">\n\t\t\t<h5 class=\"elementor-heading-title elementor-size-default\">karimhachemservices@gmail.com<\/h5>\t\t<\/div>\n\t\t\t\t<\/div>\n\t\t\t\t<div class=\"elementor-element elementor-element-a7ddb79 elementor-widget elementor-widget-image\" data-id=\"a7ddb79\" data-element_type=\"widget\" data-widget_type=\"image.default\">\n\t\t\t\t<div class=\"elementor-widget-container\">\n\t\t\t<style>\/*! elementor - v3.9.2 - 21-12-2022 *\/\n.elementor-widget-image{text-align:center}.elementor-widget-image a{display:inline-block}.elementor-widget-image a img[src$=\".svg\"]{width:48px}.elementor-widget-image img{vertical-align:middle;display:inline-block}<\/style>\t\t\t\t\t\t\t\t\t\t\t\t<img decoding=\"async\" width=\"1024\" height=\"741\" src=\"https:\/\/toulouse-entretien-piscines.fr\/wp-content\/uploads\/2023\/01\/BONED2000X1000-Copie-1024x741.jpg\" class=\"attachment-large size-large wp-image-88\" alt=\"entretien et nettoyage de piscine \u00e0 toulouse\" loading=\"lazy\" srcset=\"https:\/\/toulouse-entretien-piscines.fr\/wp-content\/uploads\/2023\/01\/BONED2000X1000-Copie-1024x741.jpg 1024w, https:\/\/toulouse-entretien-piscines.fr\/wp-content\/uploads\/2023\/01\/BONED2000X1000-Copie-300x217.jpg 300w, https:\/\/toulouse-entretien-piscines.fr\/wp-content\/uploads\/2023\/01\/BONED2000X1000-Copie-768x556.jpg 768w, https:\/\/toulouse-entretien-piscines.fr\/wp-content\/uploads\/2023\/01\/BONED2000X1000-Copie.jpg 1382w\" sizes=\"(max-width: 1024px) 100vw, 1024px\" \/>\t\t\t\t\t\t\t\t\t\t\t\t\t\t\t<\/div>\n\t\t\t\t<\/div>\n\t\t\t\t\t<\/div>\n\t\t<\/div>\n\t\t\t\t\t\t\t<\/div>\n\t\t<\/section>\n\t\t\t\t\t\t\t<\/div>\n\t\t","protected":false},"excerpt":{"rendered":"<p>Contact TEP Pr\u00e9nom * Nom * Adresse : Num\u00e9ro et Voie Code postal Commune * Votre message T\u00e9l\u00e9phone * Email * Si vous \u00eates un humain, ne remplissez pas ce champ. Envoyer Un besoin ? Une demande de devis ? Merci d&#8217;envoyer un message par ce formulaire ou de me contacter directement par t\u00e9l\u00e9phone 06 [&hellip;]<\/p>\n","protected":false},"author":1,"featured_media":0,"parent":0,"menu_order":0,"comment_status":"closed","ping_status":"closed","template":"","meta":[],"yoast_head":"<!-- This site is optimized with the Yoast SEO plugin v19.13 - https:\/\/yoast.com\/wordpress\/plugins\/seo\/ -->\n<title>Contact - toulouse entretien piscines<\/title>\n<meta name=\"robots\" content=\"index, follow, max-snippet:-1, max-image-preview:large, max-video-preview:-1\" \/>\n<link rel=\"canonical\" href=\"https:\/\/toulouse-entretien-piscines.fr\/index.php\/contact\/\" \/>\n<meta property=\"og:locale\" content=\"en_US\" \/>\n<meta property=\"og:type\" content=\"article\" \/>\n<meta property=\"og:title\" content=\"Contact - toulouse entretien piscines\" \/>\n<meta property=\"og:description\" content=\"Contact TEP Pr\u00e9nom * Nom * Adresse : Num\u00e9ro et Voie Code postal Commune * Votre message T\u00e9l\u00e9phone * Email * Si vous \u00eates un humain, ne remplissez pas ce champ. Envoyer Un besoin ? Une demande de devis ? Merci d&#8217;envoyer un message par ce formulaire ou de me contacter directement par t\u00e9l\u00e9phone 06 [&hellip;]\" \/>\n<meta property=\"og:url\" content=\"https:\/\/toulouse-entretien-piscines.fr\/index.php\/contact\/\" \/>\n<meta property=\"og:site_name\" content=\"toulouse entretien piscines\" \/>\n<meta property=\"article:modified_time\" content=\"2023-01-05T07:19:40+00:00\" \/>\n<meta property=\"og:image\" content=\"https:\/\/toulouse-entretien-piscines.fr\/wp-content\/uploads\/2023\/01\/BONED2000X1000-Copie-1024x741.jpg\" \/>\n<meta name=\"twitter:card\" content=\"summary_large_image\" \/>\n<meta name=\"twitter:label1\" content=\"Est. reading time\" \/>\n\t<meta name=\"twitter:data1\" content=\"1 minute\" \/>\n<script type=\"application\/ld+json\" class=\"yoast-schema-graph\">{\"@context\":\"https:\/\/schema.org\",\"@graph\":[{\"@type\":\"WebPage\",\"@id\":\"https:\/\/toulouse-entretien-piscines.fr\/index.php\/contact\/\",\"url\":\"https:\/\/toulouse-entretien-piscines.fr\/index.php\/contact\/\",\"name\":\"Contact - toulouse entretien piscines\",\"isPartOf\":{\"@id\":\"https:\/\/toulouse-entretien-piscines.fr\/#website\"},\"datePublished\":\"2023-01-03T13:02:35+00:00\",\"dateModified\":\"2023-01-05T07:19:40+00:00\",\"breadcrumb\":{\"@id\":\"https:\/\/toulouse-entretien-piscines.fr\/index.php\/contact\/#breadcrumb\"},\"inLanguage\":\"en-US\",\"potentialAction\":[{\"@type\":\"ReadAction\",\"target\":[\"https:\/\/toulouse-entretien-piscines.fr\/index.php\/contact\/\"]}]},{\"@type\":\"BreadcrumbList\",\"@id\":\"https:\/\/toulouse-entretien-piscines.fr\/index.php\/contact\/#breadcrumb\",\"itemListElement\":[{\"@type\":\"ListItem\",\"position\":1,\"name\":\"Accueil\",\"item\":\"https:\/\/toulouse-entretien-piscines.fr\/\"},{\"@type\":\"ListItem\",\"position\":2,\"name\":\"Contact\"}]},{\"@type\":\"WebSite\",\"@id\":\"https:\/\/toulouse-entretien-piscines.fr\/#website\",\"url\":\"https:\/\/toulouse-entretien-piscines.fr\/\",\"name\":\"toulouse entretien piscines\",\"description\":\"\",\"publisher\":{\"@id\":\"https:\/\/toulouse-entretien-piscines.fr\/#organization\"},\"potentialAction\":[{\"@type\":\"SearchAction\",\"target\":{\"@type\":\"EntryPoint\",\"urlTemplate\":\"https:\/\/toulouse-entretien-piscines.fr\/?s={search_term_string}\"},\"query-input\":\"required name=search_term_string\"}],\"inLanguage\":\"en-US\"},{\"@type\":\"Organization\",\"@id\":\"https:\/\/toulouse-entretien-piscines.fr\/#organization\",\"name\":\"toulouse entretien piscines\",\"url\":\"https:\/\/toulouse-entretien-piscines.fr\/\",\"logo\":{\"@type\":\"ImageObject\",\"inLanguage\":\"en-US\",\"@id\":\"https:\/\/toulouse-entretien-piscines.fr\/#\/schema\/logo\/image\/\",\"url\":\"https:\/\/toulouse-entretien-piscines.fr\/wp-content\/uploads\/2023\/01\/cropped-TEP-ORANGE-CREUX-RECTANGLE-SCRIPT-BLEU-1.jpg\",\"contentUrl\":\"https:\/\/toulouse-entretien-piscines.fr\/wp-content\/uploads\/2023\/01\/cropped-TEP-ORANGE-CREUX-RECTANGLE-SCRIPT-BLEU-1.jpg\",\"width\":1094,\"height\":670,\"caption\":\"toulouse entretien piscines\"},\"image\":{\"@id\":\"https:\/\/toulouse-entretien-piscines.fr\/#\/schema\/logo\/image\/\"}}]}<\/script>\n<!-- \/ Yoast SEO plugin. -->","yoast_head_json":{"title":"Contact - toulouse entretien piscines","robots":{"index":"index","follow":"follow","max-snippet":"max-snippet:-1","max-image-preview":"max-image-preview:large","max-video-preview":"max-video-preview:-1"},"canonical":"https:\/\/toulouse-entretien-piscines.fr\/index.php\/contact\/","og_locale":"en_US","og_type":"article","og_title":"Contact - toulouse entretien piscines","og_description":"Contact TEP Pr\u00e9nom * Nom * Adresse : Num\u00e9ro et Voie Code postal Commune * Votre message T\u00e9l\u00e9phone * Email * Si vous \u00eates un humain, ne remplissez pas ce champ. Envoyer Un besoin ? Une demande de devis ? Merci d&#8217;envoyer un message par ce formulaire ou de me contacter directement par t\u00e9l\u00e9phone 06 [&hellip;]","og_url":"https:\/\/toulouse-entretien-piscines.fr\/index.php\/contact\/","og_site_name":"toulouse entretien piscines","article_modified_time":"2023-01-05T07:19:40+00:00","og_image":[{"url":"https:\/\/toulouse-entretien-piscines.fr\/wp-content\/uploads\/2023\/01\/BONED2000X1000-Copie-1024x741.jpg"}],"twitter_card":"summary_large_image","twitter_misc":{"Est. reading time":"1 minute"},"schema":{"@context":"https:\/\/schema.org","@graph":[{"@type":"WebPage","@id":"https:\/\/toulouse-entretien-piscines.fr\/index.php\/contact\/","url":"https:\/\/toulouse-entretien-piscines.fr\/index.php\/contact\/","name":"Contact - toulouse entretien piscines","isPartOf":{"@id":"https:\/\/toulouse-entretien-piscines.fr\/#website"},"datePublished":"2023-01-03T13:02:35+00:00","dateModified":"2023-01-05T07:19:40+00:00","breadcrumb":{"@id":"https:\/\/toulouse-entretien-piscines.fr\/index.php\/contact\/#breadcrumb"},"inLanguage":"en-US","potentialAction":[{"@type":"ReadAction","target":["https:\/\/toulouse-entretien-piscines.fr\/index.php\/contact\/"]}]},{"@type":"BreadcrumbList","@id":"https:\/\/toulouse-entretien-piscines.fr\/index.php\/contact\/#breadcrumb","itemListElement":[{"@type":"ListItem","position":1,"name":"Accueil","item":"https:\/\/toulouse-entretien-piscines.fr\/"},{"@type":"ListItem","position":2,"name":"Contact"}]},{"@type":"WebSite","@id":"https:\/\/toulouse-entretien-piscines.fr\/#website","url":"https:\/\/toulouse-entretien-piscines.fr\/","name":"toulouse entretien piscines","description":"","publisher":{"@id":"https:\/\/toulouse-entretien-piscines.fr\/#organization"},"potentialAction":[{"@type":"SearchAction","target":{"@type":"EntryPoint","urlTemplate":"https:\/\/toulouse-entretien-piscines.fr\/?s={search_term_string}"},"query-input":"required name=search_term_string"}],"inLanguage":"en-US"},{"@type":"Organization","@id":"https:\/\/toulouse-entretien-piscines.fr\/#organization","name":"toulouse entretien piscines","url":"https:\/\/toulouse-entretien-piscines.fr\/","logo":{"@type":"ImageObject","inLanguage":"en-US","@id":"https:\/\/toulouse-entretien-piscines.fr\/#\/schema\/logo\/image\/","url":"https:\/\/toulouse-entretien-piscines.fr\/wp-content\/uploads\/2023\/01\/cropped-TEP-ORANGE-CREUX-RECTANGLE-SCRIPT-BLEU-1.jpg","contentUrl":"https:\/\/toulouse-entretien-piscines.fr\/wp-content\/uploads\/2023\/01\/cropped-TEP-ORANGE-CREUX-RECTANGLE-SCRIPT-BLEU-1.jpg","width":1094,"height":670,"caption":"toulouse entretien piscines"},"image":{"@id":"https:\/\/toulouse-entretien-piscines.fr\/#\/schema\/logo\/image\/"}}]}},"_links":{"self":[{"href":"https:\/\/toulouse-entretien-piscines.fr\/index.php\/wp-json\/wp\/v2\/pages\/14"}],"collection":[{"href":"https:\/\/toulouse-entretien-piscines.fr\/index.php\/wp-json\/wp\/v2\/pages"}],"about":[{"href":"https:\/\/toulouse-entretien-piscines.fr\/index.php\/wp-json\/wp\/v2\/types\/page"}],"author":[{"embeddable":true,"href":"https:\/\/toulouse-entretien-piscines.fr\/index.php\/wp-json\/wp\/v2\/users\/1"}],"replies":[{"embeddable":true,"href":"https:\/\/toulouse-entretien-piscines.fr\/index.php\/wp-json\/wp\/v2\/comments?post=14"}],"version-history":[{"count":49,"href":"https:\/\/toulouse-entretien-piscines.fr\/index.php\/wp-json\/wp\/v2\/pages\/14\/revisions"}],"predecessor-version":[{"id":369,"href":"https:\/\/toulouse-entretien-piscines.fr\/index.php\/wp-json\/wp\/v2\/pages\/14\/revisions\/369"}],"wp:attachment":[{"href":"https:\/\/toulouse-entretien-piscines.fr\/index.php\/wp-json\/wp\/v2\/media?parent=14"}],"curies":[{"name":"wp","href":"https:\/\/api.w.org\/{rel}","templated":true}]}}